Let h(y) = -y**3 + 3*y**2 - 2*y + 3. What is h(2)?
3
Let z(i) = i**3 + 5*i**2 - 4*i - 5. What is z(-6)?
-17
Let u(s) = 6*s - 89. What is u(16)?
7
Let x(y) = y - 9. Calculate x(0).
-9
Let j(f) = 3*f**3 - 27*f**2 + 12*f - 105. Calculate j(9).
3
Let b(z) = -z - 19. Give b(-23).
4
Let x(a) = a**3 + 11*a**2 - 14*a - 32. Determine x(-11).
122
Let s(k) = 2*k - 1. What is s(4)?
7
Let p(i) = -49*i + 1. Determine p(-1).
50
Let i(y) = -y**3 + 17*y**2 - 31*y + 16. Calculate i(15).
1
Let k(q) = q**2 - 9*q + 4. Calculate k(13).
56
Let p(y) = y**3 + 9*y**2 + 18*y + 5. Give p(-6).
5
Let t(p) = p + 2. What is t(12)?
14
Let b(y) = -y**2 + 15*y + 12. What is b(11)?
56
Let x(r) = r**2 - r - 15. Calculate x(5).
5
Let m(b) = b**3 - 7*b**2 + 8*b - 4. Calculate m(5).
-14
Let s(m) = m**2 - 5. Calculate s(5).
20
Let h(o) = o + 19. Determine h(6).
25
Let q(j) = j**3 + 16*j**2 - 17*j + 19. Give q(-17).
19
Let t(o) = 2*o**2 + o + 1. Determine t(-4).
29
Let b(o) = -2*o + 7. Calculate b(6).
-5
Let y(c) = 3*c - 19. Determine y(12).
17
Let i(z) = 2*z**3 - 7*z**2 + 3*z - 3. Determine i(2).
-9
Let t(j) = j**3 - 14*j**2 - j + 7. Give t(14).
-7
Let f(k) = k**3 + 2*k**2 - k + 1. Determine f(-3).
-5
Let r(g) = -2*g**3 - 32*g**2 - g - 19. What is r(-16)?
-3
Let h(x) = -7*x**3 + x**2 - 7*x + 5. What is h(1)?
-8
Let l(z) = -3*z**2 - 9*z. What is l(-3)?
0
Let d(j) = 3*j**2 + 35*j - 2. Determine d(-11).
-24
Let d(o) = 2*o**2 - 10*o - 6. What is d(6)?
6
Let k(h) = -7*h - 20. Calculate k(-6).
22
Let l(t) = -t + 7. Calculate l(-7).
14
Let i(y) = -y**2 + 13*y - 11. What is i(8)?
29
Let s(q) = 2*q**2 - 15*q + 6. What is s(7)?
-1
Let x(r) = r**3 + 9*r**2 + 5*r + 50. Give x(-9).
5
Let l(r) = -r**3 - 7*r**2 + r - 4. Give l(-7).
-11
Let q(b) = b**2 + b + 3. Give q(-7).
45
Let q(b) = -192*b - 6. Determine q(0).
-6
Let i(j) = j**3 - 12*j**2 - 3*j + 15. What is i(12)?
-21
Let s(p) = p**3 + p**2 - 2*p + 4. Give s(-3).
-8
Let a(v) = -v**2 - 43*v + 9. Determine a(-43).
9
Let l(z) = -23*z**2 + 5*z - 5. Determine l(1).
-23
Let k(c) = -4*c**3 - 3*c - 4. What is k(-1)?
3
Let t(d) = -d**3 - 9*d**2 - 6*d - 9. Determine t(-9).
45
Let v(k) = -4*k - 2. What is v(-8)?
30
Let c(u) = 21*u - 67. What is c(3)?
-4
Let q(m) = m**2 - 12*m + 2. Give q(12).
2
Let k(c) = -c**3 - 4*c**2 + 4*c + 4. Calculate k(-5).
9
Let a(b) = -b - 44. Give a(-35).
-9
Let w(b) = -b**3 - 10*b**2 + 57*b - 18. Give w(-14).
-32
Let p(x) = 70*x. What is p(2)?
140
Let u(t) = t**3 - 7*t**2 + 3*t - 3. What is u(7)?
18
Let q(i) = 29*i**2 - 3*i - 4. What is q(-1)?
28
Let o(f) = f**3 - 23*f**2 - 52*f + 31. What is o(25)?
-19
Let h(p) = -p**3 + 7*p**2 - 5*p - 5. Give h(6).
1
Let d(z) = 4*z - 54. Calculate d(16).
10
Let q(b) = -17*b + 54. Give q(3).
3
Let q(y) = -y**3 - 5*y**2 + 13*y + 22. Determine q(-5).
-43
Let i(s) = -2*s**2 + 8*s - 30. What is i(9)?
-120
Let d(w) = 28*w + 32. What is d(-5)?
-108
Let g(n) = 13*n - 7. Determine g(6).
71
Let q(l) = 18*l - 15. Calculate q(2).
21
Let q(r) = r**3 + 9*r**2 + 15*r - 2. What is q(-7)?
-9
Let r(l) = 20*l + 417. What is r(-21)?
-3
Let n(l) = -3*l**3 + 9*l**2 + 2*l + 5. Calculate n(4).
-35
Let f(c) = -c**3 - 8*c**2 + 2*c + 10. What is f(-8)?
-6
Let l(x) = -2*x + 7. Determine l(6).
-5
Let m(i) = i**2 + 10*i - 586. Calculate m(-30).
14
Let u(z) = -z**2 - z + 4. Calculate u(-4).
-8
Let c(z) = -6*z - 12. Give c(-5).
18
Let f(m) = -m**3 + 13*m**2 + 45*m - 8. Calculate f(16).
-56
Let t(k) = 5*k**2 + 26*k + 10. What is t(-5)?
5
Let i(q) = -7*q**3 + q**2 - 2*q + 2. Calculate i(1).
-6
Let a(h) = -h - 2. What is a(3)?
-5
Let f(q) = 10*q - 96. Calculate f(10).
4
Let p(r) = -r - 10. Give p(15).
-25
Let x(p) = 32*p - 146. What is x(5)?
14
Let m(j) = -j + 5. Give m(21).
-16
Let x(c) = 34*c**2 + 2*c - 2. What is x(1)?
34
Let a(k) = -21*k**3 + k**2 + k + 1. What is a(-1)?
22
Let u(c) = -c**2 - 44*c + 156. What is u(4)?
-36
Let t(d) = -22*d + 47. Give t(3).
-19
Let s(m) = 3*m - 9. What is s(6)?
9
Let n(m) = -103*m - 1642. Calculate n(-16).
6
Let u(b) = -b**3 - 4*b**2 - 14*b - 10. Give u(-5).
85
Let h(j) = -3*j**2 - j - 7. Calculate h(4).
-59
Let s(a) = a**3 + 8*a**2 + 12*a + 26. Determine s(-7).
-9
Let x(i) = -16*i**2 - 24*i + 2. Calculate x(-2).
-14
Let q(x) = -2*x - 6. Give q(0).
-6
Let h(n) = 3*n - 2. Give h(-6).
-20
Let p(d) = -5*d + 17. Calculate p(14).
-53
Let f(w) = -2*w**3 + 34*w**2 + 36*w - 4. Determine f(18).
-4
Let y(r) = -3*r**3 + 3*r**2 + 2*r - 2. Give y(-2).
30
Let x(r) = r**3 - 6*r**2 + 2*r + 3. Determine x(5).
-12
Let p(u) = 2*u**2 - 1. Give p(-1).
1
Let k(b) = -3*b**3 + 7*b**2 - 3*b + 8. What is k(3)?
-19
Let z(j) = 6*j**3 - j**2 - j + 1. What is z(1)?
5
Let r(k) = -17*k - 8. Calculate r(-2).
26
Let s(k) = -6*k + 98. What is s(19)?
-16
Let q(o) = 6*o**3 + o - 6. What is q(0)?
-6
Let o(w) = -w**3 - 3*w**2 + 10*w + 34. Determine o(-3).
4
Let p(l) = -l - 2. What is p(5)?
-7
Let z(v) = -v**2 + 5. What is z(-5)?
-20
Let t(r) = r**3 + 8*r**2 + 7*r - 7. Determine t(-7).
-7
Let t(k) = -k**2 - 10*k + 19. What is t(-11)?
8
Let o(m) = -m**3 + 10*m**2 - 8*m + 16. Give o(9).
25
Let q(h) = 19*h**2 - 2*h - 3. Give q(-1).
18
Let p(c) = -c**2 - 6*c + 5. Give p(-8).
-11
Let g(z) = -6*z + 15. Calculate g(4).
-9
Let w(v) = -11*v + 11. What is w(2)?
-11
Let r(f) = -f**2 + 14. Calculate r(0).
14
Let c(i) = -i**2 + 6*i - 6. Give c(5).
-1
Let p(z) = -z**3 + 24*z**2 + 51*z + 4. Determine p(26).
-22
Let f(i) = 8*i - 3. Determine f(7).
53
Let t(l) = l**3 + 4*l**2 + 7*l + 5. Determine t(-4).
-23
Let g(n) = n**3 - 27*n**2 + 182*n - 32. Determine g(15).
-2
Let q(h) = 16*h - 438. Give q(28).
10
Let h(x) = -6*x**2 - x - 5. What is h(5)?
-160
Let d(s) = -13*s**3 - s - 1. Calculate d(-1).
13
Let j(r) = -3*r - 2. Determine j(-3).
7
Let g(p) = -p**3 + p**2 + 2*p - 2. What is g(2)?
-2
Let f(w) = -w**2 - 11*w + 106. What is f(6)?
4
Let v(q) = -q**2 + 7*q + 66. What is v(-5)?
6
Let r(n) = 2*n**2 - 14*n + 6. Determine r(4).
-18
Let z(p) = -p**3 + 24*p**2 + 52*p + 10. Give z(26).
10
Let w(p) = 25*p + 163. What is w(-7)?
-12
Let l(z) = -42*z - 2. Calculate l(-1).
40
Let s(y) = y**3 - 9*y**2 + 8*y - 13. What is s(8)?
-13
Let g(k) = -5*k**3 + k**2 + 11*k + 9. Give g(-1).
4
Let w(k) = -k**2 - 3*k + 35. Determine w(-11).
-53
Let h(p) = 7*p + 2. Determine h(1).
9
Let j(h) = -29*h - 146. Determine j(-5).
-1
Let w(c) = 15*c - 67. Determine w(4).
-7
Let y(c) = -c**2 - 13*c - 47. Determine y(-8).
-7
Let t(k) = k**2 + 42*k - 40. Determine t(-43).
3
Let o(m) = -m**2 + 6*m - 6. What is o(4)?
2
Let v(i) = -i**3 + 13*i**2 + 28*i - 99. What is v(14)?
97
Let m(g) = -g**3 - g**2 + 3*g - 2. Calculate m(2).
-8
Let q(t) = -t - 2. What is q(10)?
-12
Let s(a) = a**3 - 7*a**2 - 4*a + 40. What is s(6)?
-20
Let n(t) = -t**2 + 12*t + 5. What is n(6)?
41
Let j(p) = 2*p**2 + 2*p + 1. Determine j(-2).
5
Let s(q) = -q**3 - 2*q**2 + 4*q - 12. What is s(-6)?
108
Let p(f) = f**3 + 8*f**2 + 4*f + 10. Calculate p(-8).
-22
Let x(j) = j**2 + 23*j - 42. What is x(-25)?
8
Let r(j) = -j**3 + 7*j**2 - 9*j + 5. What is r(6)?
-13
Let w(s) = -2*s + 26. Determine w(-8).
42
Let s(g) = -g**3 + 4*g**2 + 6*g + 5. Determine s(-2).
17
Let k(m) = m**2 - 8*m + 5. Determine k(9).
14
Let g(k) = k**3 + 7*k**2 + 4*k - 2. Determine g(-6).
10
Let u(q) = -q**3 - 6*q**2 - 2*q + 1. Give u(-4).
-23
Let l(u) = u**3 + 21*u**2 + 20*u - 2. What is l(-20)?
-2
Let q(r) = -r**2 + 8*r - 17. Determine q(5).
-2
Let m(r) = -2*r**3 + 2*r - 6. Determine m(0).
-6
Let s(q) = -9*q**2 - 72*q - 4. What is s(-8)?
-4
Let m(k) = -k**3 - 8*k**2 + 10*k + 2. What is m(-9)?
-7
Let y(x) = -x**2 + 22*x - 124. Calculate y(10).
-4
Let u(q) = -3*q - 3. Determine u(-4).
9
Let k(m) = -m**2 - 8*m - 13. Give k(-3).
2
Let h(b) = b**2 - 20. What is h(0)?
-20
Let n(o) = -2*o - 41. Give n(5).
-51
Let z(m) = -m**3 - 2*m**2 + 3*m - 1. What is z(1)?
-1
Let i(n) = -3*n - 12. Calculate i(-5).
3
Let z(t) = 5*t + 1. What is z(-5)?
-24
Let w(l) = 5*l**2 - 13. What is w(3)?
32
Let s(i) = -i**3 + 6*i**2 + 3*i + 3. Calculate s(5).
43
Let r(h) = h**2 + 22*h - 146. What is r(-27)?
-11
Let p(m) = m**2 - 4*m - 4. Give p(5).
1
Let c(f) = f**3 - 4*f**2 - 2*f - 2. Determine c(3).
-17
Let n(d) = -d**2 - 4*d. Give n(5).
-45
Let c(x) = -x**2 + 4*x - 1. Calculate c(5).
-6
Let o(z) = 2*z**2 - 30*z + 80. Determine o(9).
-28
Let x(i) = i**3 + 2*i**2 + 3*i + 2. What is